{"id":21085,"date":"2019-09-19T16:04:26","date_gmt":"2019-09-19T16:04:26","guid":{"rendered":"https:\/\/potentialandperformance.com\/espanol\/?page_id=21085"},"modified":"2021-03-19T15:14:23","modified_gmt":"2021-03-19T15:14:23","slug":"mision","status":"publish","type":"page","link":"https:\/\/potentialandperformance.com\/espanol\/mision\/","title":{"rendered":"Misi\u00f3n"},"content":{"rendered":"<div class=\"wpb-content-wrapper\"><section id=\"missionSection\" class=\"vc_row wpb_row vc_row-fluid  vc_custom_1569268430833 wow none\"><div class=\"wpb_column vc_column_container vc_col-sm-6  col-xs-mobile-fullwidth\"><div class=\"vc_column-inner \"><div class=\"wpb_wrapper\"><div class=\"last-paragraph-no-margin\"><h3>NUESTRA MISI\u00d3N<\/h3>\n<p>Nuestro compromiso es proporcionar programas integrales que ayudar\u00e1n a nuestros clientes a creer en su potencial, superar creencias limitantes, desarrollar habilidades mentales, y desarrollar sus fortalezas para mejorar su desempe\u00f1o de una manera constante, logrando al mismo tiempo una mayor satisfacci\u00f3n en la vida.<\/p>\n<\/div><\/div><\/div><\/div><div class=\"wpb_column vc_column_container vc_col-sm-6  col-xs-mobile-fullwidth\"><div class=\"vc_column-inner \"><div class=\"wpb_wrapper\"><div class=\"last-paragraph-no-margin\"><h3>NUESTRA VISI\u00d3N<\/h3>\n<p>Ser un centro que promueva el desarrolo y mejora de la calidad de vida, basado en pr\u00e1cticas que fomenten una visi\u00f3n positiva de la persona a trav\u00e9s de profesionales calificados que comprendan los problemas de la sociedad actual y tengan pasi\u00f3n por ayudar a nuestros clientes a superar sus limitaciones y alcanzar su \u00e9xito.<\/p>\n<\/div><\/div><\/div><\/div><\/section><section id=\"dynamic_section\" data-vc-full-width=\"true\" data-vc-full-width-init=\"false\" class=\"vc_row wpb_row vc_row-fluid  vc_custom_1569263290879 wow none vc_row-has-fill pofo-stretch-content pofo-stretch-row-container\"><div class=\"wpb_column vc_column_container vc_col-sm-12  col-xs-mobile-fullwidth\"><div class=\"vc_column-inner \"><div class=\"wpb_wrapper\">[vc_custom_heading text=&#8221;DIN\u00c1MICA&#8221; font_container=&#8221;tag:h3|font_size:30px|text_align:center|color:%2340e0d0|line_height:32px&#8221; use_theme_fonts=&#8221;yes&#8221; css_animation=&#8221;none&#8221;]<div class=\"vc_row wpb_row vc_inner vc_row-fluid\"><div class=\"wpb_column vc_column_container vc_col-sm-6  col-xs-mobile-fullwidth\"><div class=\"vc_column-inner \"><div class=\"wpb_wrapper\"><div class=\" vc_custom_1616166856620 last-paragraph-no-margin\"><p>La tecnolog\u00eda actual brinda una gran oportunidad para brindar entrenamiento mental a trav\u00e9s de videoconferencias con video de alta calidad. No importa lo lejos que estemos f\u00edsicamente, podemos establecer una din\u00e1mica cara a cara que ser\u00e1 tan efectiva como una en persona. Y es una gran ventaja ahorrar un tiempo precioso en el traslado hacia y desde la consulta, adem\u00e1s de evitar lidiar con el tr\u00e1fico. Sin embargo, si vive en Miami, es factible tener una consulta en persona!<\/p>\n<\/div><\/div><\/div><\/div><div class=\"wpb_column vc_column_container vc_col-sm-6  col-xs-mobile-fullwidth\"><div class=\"vc_column-inner \"><div class=\"wpb_wrapper\">[vc_single_image image=&#8221;21399&#8243; img_size=&#8221;full&#8221; onclick=&#8221;link_image&#8221; css_animation=&#8221;none&#8221; css=&#8221;.vc_custom_1569271010641{margin-top: 0px !important;margin-bottom: 0px !important;padding-top: 0px !important;padding-bottom: 0px !important;}&#8221;]<\/div><\/div><\/div><\/div><\/div><\/div><\/div><\/section><div class=\"vc_row-full-width vc_clearfix\"><\/div>\n<\/div>","protected":false},"excerpt":{"rendered":"NUESTRA MISI\u00d3N Nuestro compromiso es proporcionar programas integrales que ayudar\u00e1n a nuestros clientes a creer en su potencial, superar creencias limitantes, desarrollar habilidades mentales, y desarrollar sus fortalezas para mejorar su desempe\u00f1o de una manera constante, logrando al mismo tiempo una mayor satisfacci\u00f3n en la vida. NUESTRA VISI\u00d3N Ser un centro que promueva el desarrolo y mejora de la calidad de vida, basado en pr\u00e1cticas que fomenten una visi\u00f3n positiva de la persona a trav\u00e9s de profesionales calificados que comprendan los problemas de la sociedad actual y tengan pasi\u00f3n por ayudar a nuestros clientes a superar sus limitaciones y alcanzar su \u00e9xito. [vc_custom_heading text=\"DIN\u00c1MICA\" font_container=\"tag:h3|font_size:30px|text_align:center|color:%2340e0d0|line_height:32px\" use_theme_fonts=\"yes\" css_animation=\"none\"]La tecnolog\u00eda actual brinda una gran oportunidad para brindar entrenamiento mental a trav\u00e9s de videoconferencias con video de alta calidad. No importa lo lejos que estemos f\u00edsicamente, podemos establecer una din\u00e1mica cara a cara que ser\u00e1 tan efectiva como una en persona. Y es una gran ventaja ahorrar un tiempo precioso en el traslado hacia y desde la consulta, adem\u00e1s de evitar lidiar con el tr\u00e1fico. Sin embargo, si vive en Miami, es factible tener una consulta en persona! [vc_single_image image=\"21399\" img_size=\"full\" onclick=\"link_image\" css_animation=\"none\" css=\".vc_custom_1569271010641{margin-top: 0px !important;margin-bottom: 0px !important;padding-top: 0px !important;padding-bottom: 0px !important;}\"]","protected":false},"author":2,"featured_media":0,"parent":0,"menu_order":0,"comment_status":"closed","ping_status":"closed","template":"","meta":{"_monsterinsights_skip_tracking":false,"_monsterinsights_sitenote_active":false,"_monsterinsights_sitenote_note":"","_monsterinsights_sitenote_category":0,"footnotes":""},"class_list":["post-21085","page","type-page","status-publish","hentry"],"_links":{"self":[{"href":"https:\/\/potentialandperformance.com\/espanol\/wp-json\/wp\/v2\/pages\/21085","targetHints":{"allow":["GET"]}}],"collection":[{"href":"https:\/\/potentialandperformance.com\/espanol\/wp-json\/wp\/v2\/pages"}],"about":[{"href":"https:\/\/potentialandperformance.com\/espanol\/wp-json\/wp\/v2\/types\/page"}],"author":[{"embeddable":true,"href":"https:\/\/potentialandperformance.com\/espanol\/wp-json\/wp\/v2\/users\/2"}],"replies":[{"embeddable":true,"href":"https:\/\/potentialandperformance.com\/espanol\/wp-json\/wp\/v2\/comments?post=21085"}],"version-history":[{"count":8,"href":"https:\/\/potentialandperformance.com\/espanol\/wp-json\/wp\/v2\/pages\/21085\/revisions"}],"predecessor-version":[{"id":21904,"href":"https:\/\/potentialandperformance.com\/espanol\/wp-json\/wp\/v2\/pages\/21085\/revisions\/21904"}],"wp:attachment":[{"href":"https:\/\/potentialandperformance.com\/espanol\/wp-json\/wp\/v2\/media?parent=21085"}],"curies":[{"name":"wp","href":"https:\/\/api.w.org\/{rel}","templated":true}]}}